f 407 and b.
11
Let w = -200 - -223. Suppose w*j + j - 6336 = 0. Calculate the greatest common factor of 33 and j.
33
Suppose -3*q - 2*l = -44774, 49581 = 5*q + 3*l - 25042. Suppose 24*v = 11*v + q. What is the greatest common divisor of v and 28?
28
Let l(p) = -p**3 + 77*p**2 + 5655*p - 130. Let s be l(-46). Let u be 0 - 3/(3/(-4)). Suppose 0*b = -u*b + 320. What is the greatest common divisor of s and b?
8
Let c be 0/(-4 - -3) - -1. Suppose d - c - 11 = 0. Suppose 0 = 4*k + 12 - 24. What is the greatest common factor of d and k?
3
Let b be (-60)/35 + 4/(-14) - -18. Suppose d + 23 = b. Let o be (-1 + d)/(1 - 3). Calculate the greatest common divisor of o and 36.
4
Suppose 4*c - 416 = 288. Let m(s) = s**2 - 42*s - 213. Let k be m(-5). What is the highest common divisor of k and c?
22
Suppose 0 = -15*d + 55381 - 51256. Calculate the highest common factor of 990 and d.
55
Suppose 0 = -3*t + k + 6, 21*t - 16*t = 3*k + 10. Suppose u + 2*u = 162. What is the highest common factor of t and u?
2
Suppose 10*x + 7*x - 663 = 0. Suppose -5*j + 545 = -40. Calculate the greatest common factor of j and x.
39
Suppose -125*f - 308868 = -1412868. Calculate the highest common divisor of 138 and f.
138
Let i = -67 - -123. Suppose 3*d - 8*m + 9*m = 1796, -3*m = -d + 612. Let s be 7004/50 + (-48)/d. What is the highest common factor of s and i?
28
Let t = -64 + 208. Let c be (-6)/33*(-15 + 4). Suppose j - t = -c*j. What is the highest common factor of 72 and j?
24
Let s = 3532 + -2566. Calculate the highest common divisor of 168 and s.
42
Let x(g) = -133 - 10*g + 5*g - 42*g - 50. Let k be x(-6). What is the highest common factor of k and 66?
33
Let k be 21*3/35 + (-1)/(-5). Suppose -5*a - 177 = -5*h + 18, k*a = -3*h + 122. Calculate the highest common factor of 140 and h.
20
Suppose 0 = -2*j - 7926 + 8022. What is the greatest common factor of j and 18?
6
Suppose -8*g = 3*c - 6*g + 4, -4*c + 4*g = -8. Suppose c = 4*d - 4*z - 5108, -388 = -2*d - 3*z + 2161. Calculate the greatest common factor of 58 and d.
58
Suppose 11853 = 5*b - 3*u, -5*b + 11173 = -4*u - 676. What is the greatest common factor of 105 and b?
21
Let u = -302 + 302. Suppose u = -3*g + 19*g - 1152. Calculate the highest common factor of 63 and g.
9
Let i = -113 - -137. Suppose 4*w + 8*w - i = 0. Suppose 4*p - 12 = -2*o, 18 = 2*p - 7*o + w*o. Calculate the greatest common divisor of 52 and p.
4
Let o(v) = -v**3 - 12*v**2 - 11*v + 3. Let c be o(-11). Suppose -c*l = -l - 8. Suppose -l*k + 57 = -3. What is the highest common divisor of 135 and k?
15
Let c(g) = -5*g**3 - 4*g**2 - 3*g. Let x be c(-3). Let n = 9244 + -9217. What is the highest common divisor of x and n?
27
Let k = 242 + -206. Let w = 180 + -84. What is the highest common divisor of k and w?
12
Let n be (0 - -27) + ((-70)/(-154))/((-1)/(-11)). What is the greatest common factor of 11424 and n?
32
Let q = -39 + 67. Let w(h) = 196*h**2 + 772*h - 27. Let j be w(-4). Calculate the highest common divisor of j and q.
7
Suppose 3*k = -4*o + 71 - 20, -2*k + o + 34 = 0. Let g(n) = -12*n + 13. Let u be g(-6). Calculate the highest common factor of k and u.
17
Let z be (-3 - 24)/81 - 11*501/(-9). What is the highest common factor of z and 765?
153
Let f = -1 - -4. Suppose -c - 3*k + 18 = 0, f*c - 7 - 71 = 3*k. Calculate the greatest common factor of 6 and c.
6
Suppose 5*s - 90 = 3*j - 11, -44 = -4*s - 4*j. Suppose 5*u = h + 38, -8 = 3*u + h - 26. Calculate the highest common divisor of s and u.
7
Let i(a) = 310*a**2 + 79*a - 390. Let h be i(5). Calculate the greatest common factor of h and 45.
15
Let b(n) = -n**2 - 49*n + 702. Let j be b(11). Suppose 5*s + 4*s = 54. Calculate the greatest common factor of s and j.
6
Let w be (-42)/63 + 32/30 - 23672/(-20). Calculate the highest common factor of w and 1036.
148
Suppose -p + 9 = -5*l + 812, 495 = 3*l - 5*p. Suppose 4*t - 240 = 2*r - 6*r, -2*t + 2*r = -136. Calculate the greatest common divisor of l and t.
32
Suppose 3*l - 87 - 3 = 0. Let n be 4 + 0 + -3 - -45. Let d = -43 + n. Calculate the highest common factor of l and d.
3
Suppose 0 = -10*i + 7*i - 810. Let r be (104/3 - -2)*i/(-25). Calculate the greatest common factor of r and 88.
44
Suppose 3*v - 2103 = -6*z, 60*v - 61*v = -2*z - 725. Calculate the highest common divisor of 437 and v.
23
Let r be -1 + 0 + (-13)/((-130)/2440). Let a = r - 194. What is the highest common divisor of 7 and a?
7
Let o be (2/(-4))/((-2)/36). Let v = -490 - -493. Suppose 2 = 5*k - v*k, -x + 1 = -2*k. What is the greatest common divisor of x and o?
3
Let m(q) = -q**3 + 37*q**2 - 63*q - 225. Let j be m(35). Suppose -114 = -2*p - 10. What is the highest common factor of j and p?
4
Let d be 795/(-6)*24/(-30). Let k = d - 70. What is the greatest common factor of k and 48?
12
Suppose -258 + 26 = -4*j. Suppose 4*l + 355 = -3*v, -l = -3*v + 42 + j. Let b = l - -159. Calculate the highest common factor of b and 17.
17
Suppose 36*b - 35603 = 19477. What is the greatest common factor of 90 and b?
90
Let u = 105 - -5. Suppose -3*z + 2*z - 3*i + 116 = 0, i - 552 = -5*z. Suppose 13*h = 8*h + z. Calculate the highest common divisor of u and h.
22
Suppose 838899 = -89*c + 14*c + 2812449. Calculate the highest common factor of c and 177.
59
Let u(o) = -7*o + 88. Let c be u(12). Suppose 219 = c*f - f. What is the greatest common divisor of 146 and f?
73
Let j = -11 + 16. Let b be -75*(6 + (-171)/27). Calculate the highest common factor of b and j.
5
Suppose 0 = -2*x - 238 + 3122. Let u = 2117 - 2103. Calculate the greatest common factor of x and u.
14
Let c be 7/6 + (-15)/90 + 7. Let a be 4/(-2)*9/2. Let k be 42/a*(-36)/7. Calculate the greatest common factor of k and c.
8
Let o(f) = 14*f**2 + 27*f + 68. Let i be o(-3). What is the highest common divisor of 226 and i?
113
Suppose -5*l + 3187 = c, -35*c + 30*c = 8*l - 5072. Calculate the greatest common divisor of 8733 and l.
213
Suppose 4*p - 99921 = -5*h, 0 = -3*h - 3*p + 65460 - 5511. What is the greatest common factor of h and 9?
9
Let r(w) = w**3 - 22*w**2 + 73*w + 6. Let g be r(18). Suppose 7 = b + 6, 4*b - 3532 = -3*p. What is the highest common divisor of g and p?
24
Suppose -7*z + 0*z + 56 = 0. Suppose 434 + 86 = z*c. What is the greatest common factor of c and 26?
13
Let z be -6 - ((-24600)/12 + -8). What is the highest common factor of z and 304?
76
Suppose 0 = -4*b + 2*x - 4*x + 598, b - 2*x - 167 = 0. Calculate the greatest common divisor of 20961 and b.
153
Suppose 3970*g = 3964*g + 576. What is the highest common factor of g and 76?
4
Let n(v) = -391*v - 3101. Let p be n(-8). Calculate the highest common divisor of p and 81.
27
Let d be 8/2 + 4*(60/(-8))/(-5). Let v be 14 - (-5 + (-12)/(-4)). What is the greatest common factor of v and d?
2
Suppose -3*s - s + 92 = 0. Let p(k) = k**2 + 228*k + 5794. Let g be p(-29). What is the highest common divisor of s and g?
23
Let j be (-8)/(-16)*38 - 7. Calculate the greatest common divisor of j and 2796.
12
Let w = 354 - 349. Suppose w*x = -3*v + 425, 2*v + 397 = 5*v - 2*x. Calculate the highest common divisor of v and 180.
45
Let b be (175/(-15))/(14/(-26964)*2). What is the highest common factor of b and 210?
105
Suppose 3*y + 48 = 7*y. Suppose 2*a = 7*a - 25. Suppose a*i = 23 + 17. Calculate the greatest common factor of i and y.
4
Suppose 27*v - 33*v = -8520. What is the highest common divisor of v and 213?
71
Suppose 5*l - 39 = 2*i, 5*i - 4 - 2 = l. Let d = 137 - -133. Suppose -d = -z - 9*z. What is the greatest common divisor of l and z?
9
Suppose -4*b + b = -4*v + 154, 0 = v + 3*b - 31. Suppose -17*d = -3*u - 18*d + v, 5*u - 69 = 2*d. What is the greatest common divisor of 221 and u?
13
Let k = -63 + 78. Suppose 44*z = k*z + 957. Let g be 22*(2/4)/1. What is the greatest common divisor of g and z?
11
Suppose -605 = 7*i - 185. Let h = i - -150. Suppose 0 = 18*p - 23*p + h. Calculate the highest common divisor of 144 and p.
18
Suppose 15*y = 3*j + 16*y - 166, -2*j + 96 = -3*y. Let w be (0 - 4)/(-8)*j. What is the greatest common factor of 63 and w?
9
Let r(k) = -25*k**3 - 11*k**2 + 2*k + 4. Let t be r(-2). Calculate the greatest common divisor of t and 1521.
39
Suppose -3*v + 264 - 9 = 0. Let x = 805 + -221. Suppose x = 17*p + 6. Calculate the greatest common divisor of p an